
Suppose 0 = 17*q - 138691 + 46296. What are the prime factors of q?
5, 1087
Suppose -4*k + 1337 = -3. List the prime factors of k.
5, 67
Suppose -59*k + 54*k + 3170 = 0. What are the prime factors of k?
2, 317
Let q(c) be the first derivative of -c**4/24 + 19*c**3/6 - c**2 - 2. Let b(a) be the second derivative of q(a). What are the prime factors of b(13)?
2, 3
Suppose 0 = 73*v - 69*v - 5708. What are the prime factors of v?
1427
Let w be (42/15)/7*5. Suppose -w*b - 718 = -4*j, b + b = -4*j + 730. List the prime factors of j.
181
Let s = 1038 + 442. List the prime factors of s.
2, 5, 37
Let s = 251 + -71. Suppose o - y - 63 = 3*y, 4*o - s = -2*y. What are the prime factors of o?
47
Let m(i) = 8*i**2 + 21*i - 2. Let y be m(-8). Suppose -3*w + 180 = -y. What are the prime factors of w?
2, 3, 29
Suppose 0*u - 1448 = -2*d - 2*u, 0 = -d + 5*u + 736. List the prime factors of d.
2, 3, 11
Suppose y + 5136 = 4*p, 0 = p - 5*y - 1003 - 262. List the prime factors of p.
5, 257
Suppose 0 = -2*f - 2*f + 1068. Suppose -f = -3*t + 3*x, -4*t + 382 = 2*x + 2. List the prime factors of t.
3, 31
Let o be (-3 + -5)/(3 - 1). What are the prime factors of 9/(-12) - 39/o?
3
Let m(n) = n**3 + 16*n**2 + 16*n + 13. Let h = 32 - 47. Let t be m(h). Let u = t - -26. What are the prime factors of u?
2, 3
Let t(z) = 5*z**3 + 4 - 1 + z**3 - 5*z**2 - 7*z**3. Let r be t(-5). List the prime factors of r + 15/(0 + 3).
2
Let n(y) = y + 4. Let l be n(4). Suppose -4*d - 16 = -l*d. Suppose -3*a = -d*u - 85, 9*a + u - 157 = 4*a. List the prime factors of a.
31
Suppose 0 = -4*d, t - 2*t = 4*d - 488. List the prime factors of t.
2, 61
Let m be 482/5 - 22/55. Let x(g) = -g**2 + g. Let q be x(-7). Let d = m + q. List the prime factors of d.
2, 5
Suppose 4*c = p - 13, p - 11 = 2*c - 4. What are the prime factors of (c + 1)*(-26)/4?
13
Let q(u) = -2*u + 80. What are the prime factors of q(-30)?
2, 5, 7
Suppose d - 3*w - 54 = 0, -4*d + 5*w = -0*d - 223. Let r = d + -37. Suppose 0 = t + 5*m - r, -4*m + 32 = -3*t + 7*t. List the prime factors of t.
5
Suppose 0 = 7*i - 11*i + 4864. Suppose 4*h = -4*h + i. List the prime factors of h.
2, 19
What are the prime factors of (-195)/30*(-3188)/26?
797
Suppose 2*u - 5*c + 4*c - 481 = 0, -485 = -2*u - 3*c. Let m = u + -101. What are the prime factors of m?
2, 5, 7
Suppose -2*d = d - 3. Suppose 2*p - d = 5. Suppose p - 25 = -l. What are the prime factors of l?
2, 11
Suppose 5 = -2*r - y + 6, 3*r + y - 3 = 0. Suppose 4*l + r*i + 123 = 329, 0 = l + 4*i - 69. What are the prime factors of l?
7
Let d(t) = t**3 - 5*t**2 - 4*t. Let u be d(6). What are the prime factors of (-207)/(-7) + u/28?
2, 3, 5
Suppose -3*w - 6 = -3*a, -4*a + 3 + 1 = -2*w. Suppose a = -p - 6*p + 238. List the prime factors of p.
2, 17
Let i(d) = d**2 - 2*d - 14. Let m be i(6). List the prime factors of (-75)/m*(-48)/9.
2, 5
Let n be -1*(-1 + 2) - -3. Suppose -5*v + 341 = -0*c + 3*c, 5*c = n*v - 155. What are the prime factors of v?
2, 5, 7
Let v = 4125 + -1086. List the prime factors of v.
3, 1013
Let i(a) = 2*a - 10. Let u be i(11). Let f be (4/(-3)*u)/(-1). Let z = -12 + f. What are the prime factors of z?
2
Let x be 214/(-3)*-1 - 2/6. Let o(b) = b**3 + b**2 + b + 48. Let t be o(0). Let m = x - t. What are the prime factors of m?
23
Let i be 84/(-9)*((-81)/(-6))/(-9). Suppose 10*p + 660 = i*p. List the prime factors of p.
3, 5, 11
Suppose -6072 = -5*k - 992. What are the prime factors of k?
2, 127
Let a = -331 + 627. Suppose -5*m = -a - 199. What are the prime factors of m/6*(-20)/(-15)?
2, 11
Let n(x) = 9*x - 7. Let h be n(7). Suppose 0 = k - 4, 5*a = -0*k + k + h. List the prime factors of ((-8)/a)/(5/(-105)).
2, 7
Let u = 7 - 3. Let a(m) = 0*m + 8 + m**3 - u*m**3 - 4 - 2*m - 2*m**2. What are the prime factors of a(-3)?
73
Let x(c) = c**3 + 24*c**2 + 10*c - 12. List the prime factors of x(-12).
2, 3, 7, 19
Suppose 6419 + 1217 = 4*g. List the prime factors of g.
23, 83
Suppose 5*q + 183 = 3*c, 83 + 135 = 4*c + 2*q. Suppose -2*p + c = -0*p. Let a = p + 10. What are the prime factors of a?
2, 19
Let g(k) = -5*k - 10. Let z(c) = 23*c + 62. Let s(j) = 11*j + 31. Let x(t) = 7*s(t) - 4*z(t). Let n(m) = 7*g(m) - 2*x(m). What are the prime factors of n(-8)?
2
Let g = -13 + 253. List the prime factors of g.
2, 3, 5
What are the prime factors of 1727 - 1 - (-1 + 9 + -9)?
11, 157
Let w(q) = q**2 + 4*q - 8. Let p be w(4). Let k = p - 8. List the prime factors of k.
2
Let g(t) = -t**3 - 9*t**2 + 10*t + 3. Let l be g(-10). Let w(p) = 5*p + 3. Let q be w(l). Let o = -4 + q. What are the prime factors of o?
2, 7
Let h = 4 - 6. Let s be (-2)/h - (9 - -2). What are the prime factors of s*-1*(-3)/(-6)?
5
Suppose -5*h + 15 = 0, 2*h + 743 = c + 3*h. What are the prime factors of c?
2, 5, 37
Suppose -6*r = -2*r + 4*l - 2288, 4*l + 2869 = 5*r. Suppose 2*f = -5*g + 4*f + r, 5*g - 4*f - 571 = 0. List the prime factors of g.
5, 23
Let n = -58 - -32. Let t = 37 + n. Let c = t - 7. List the prime factors of c.
2
Suppose -7*v - 58 = -534. Suppose 2*i - 4*p + v = 0, i + i - 3*p = -71. Let m = 92 + i. List the prime factors of m.
2, 13
Suppose 3*y = -5*x + 9503, 3*y + y = -16. What are the prime factors of x?
11, 173
Let a(i) = 3*i**3 - 6*i**2 + 23*i + 9. Let y(d) = -2*d**3 + 6*d**2 - 22*d - 9. Let c(k) = 3*a(k) + 4*y(k). Let z = -28 - -20. List the prime factors of c(z).
3, 5
Suppose 20*f - 12 = 17*f. Suppose -p - f*p = -300. What are the prime factors of p?
2, 3, 5
Suppose -i + 24 = i - z, -4*i + 5*z + 54 = 0. Suppose i*g - 233 = 1615. What are the prime factors of g?
2, 3, 7
Let v be -3 + ((-36)/(-4) - 3). Let a be v + (-1 - -1) + -2. List the prime factors of (-2 - a) + (-39)/(-3).
2, 5
Suppose -q + 4*a + 5 + 3 = 0, -a = 4*q + 2. Suppose 5*l = -q*c + 5*c - 270, -2*c = -l - 107. What are the prime factors of c?
53
Let x be ((-32)/(-40))/(1/40). Suppose 0 = -2*p - 4*s + 48 + x, 5*s = -2*p + 84. List the prime factors of p.
2
Suppose -764 = -4*z + g, 2*g + 92 = 3*z - 481. List the prime factors of z.
191
Let y be (-1)/(-4) + 11/4. Suppose -3*g = -8*g - 3*o + 1175, -4*g = -y*o - 940. What are the prime factors of g?
5, 47
Let w be 7 + -3 + 22 + -2. Suppose 24 = -w*r + 27*r. List the prime factors of r.
2
List the prime factors of (-44 + 8)/((-3)/52).
2, 3, 13
Let i = 901 - 285. List the prime factors of i.
2, 7, 11
What are the prime factors of 2 - (528/18)/(1/(-9))?
2, 7, 19
Suppose 0 = 2*d - 2*g + 457 - 3009, 3*g - 5090 = -4*d. What are the prime factors of d?
2, 7, 13
Suppose 0 = -5*s + 3*s - 58. Let b = s - -72. Suppose 3*g + b = 136. What are the prime factors of g?
31
Let n(b) = -b**3 + b**2 + 4. Let j be n(2). Let x(w) = 23 + j - 2 - w**2 + 10*w. List the prime factors of x(9).
2, 3, 5
Suppose 0 = 5*c + 3*o - 5876, -o - 1180 = -c - 4*o. What are the prime factors of c?
2, 587
Suppose 5*c = -12*c + 17612. List the prime factors of c.
2, 7, 37
Let y(u) = 16*u**2 + u + 3. Let g be y(3). Let t = g + -25. What are the prime factors of t?
5
Let x(v) = 9*v**2 - 12*v**2 + 3*v**2 + 7*v**3. Suppose -3*l = -7*l + 4. List the prime factors of x(l).
7
What are the prime factors of (-193 - 34)*(-1)/(-1)*-1?
227
Let g(p) = 3*p**3 - p**2 - 2*p + 4. Suppose -d - 18 = -5*k, k - 4 = 3*d + 8. List the prime factors of g(k).
2, 5, 7
Let c = 18 + -14. Let a(h) = 3*h**2 - h - 13. What are the prime factors of a(c)?
31
Let g(b) = 7 + 4 - 21*b + 42*b - 4 + 3*b**2. What are the prime factors of g(-11)?
139
Suppose -3*a - 8 = -5*t, -t + 4 = -2*t + 2*a. What are the prime factors of t?
2
Let h(x) = -49*x - 197. What are the prime factors of h(-7)?
2, 73
List the prime factors of 8/3*441/14.
2, 3, 7
List the prime factors of (-4102)/(-19) + (-518)/133 + 4.
2, 3
Let w = 716 + -417. Let l = w + -101. What are the prime factors of (l/27)/(4/18)?
3, 11
Let u = 21 - 19. Suppose -g + 0 + 4 = 0. Suppose g*t = u*t + 44. List the prime factors of t.
2, 11
Let s(v) = -10*v**3 + 7*v**2 + 3*v - 7. List the prime factors of s(-4).
733
Let f(y) = 5*y**2 - 19*y - 2. List the prime factors of f(18).
2, 11, 29
Let n be ((-4026)/15)/(-1) + (-6)/(-10). Suppose -3*d - n = -j, 0*j + 5*d + 803 = 3*j. List the prime factors of j.
2, 7, 19
Let g = 8893 - 5278. What are the prime factors of g?
3, 5, 241
Let d = -34 + 33. What are the prime factors of (-35